-16*u**3 + 5*u**2 + 5*u + 3. Let j(t) = 8*t**3 - 3*t**2 - 3*t - 2. Let m(d) = 5*j(d) + 3*q(d). Determine m(o).
-9
Let p(a) = -a**2 + a. Suppose 25 = -0*s + 5*s - 3*f, -s + f = -5. Determine p(s).
-20
Suppose 0*w + 2*w = 3*w. Suppose w = -h + 2 - 9. Let m(s) = -s**3 - 7*s**2 - s - 5. Give m(h).
2
Suppose g + 3*g = 8. Suppose 4 = 3*k - g*k. Suppose -o + k = 3*o, 4*b + 23 = 3*o. Let j(m) = m**3 + 5*m**2 - m + 2. Calculate j(b).
7
Let y(m) = -m**2 - 5*m - 7. Let r(q) = -3*q + 20. Let t be r(-7). Let b = t + -46. Give y(b).
-7
Let u(j) = -4*j**3 - 5 + 10*j**2 - 3*j**2 + j**2 + 3*j**3. Calculate u(8).
-5
Suppose f + 6*z + 14 = z, 4*z + 17 = 5*f. Let t(a) = 6*a**3 + 2*a**2 - 2*a + 1. Calculate t(f).
7
Let j(q) = -q. Let g(t) = 9*t**2 - 4*t + 1. Let x(l) = g(l) - 3*j(l). Determine x(1).
9
Let x(h) = -4*h + 2. Let t be x(-1). Suppose 3*g - 9 - t = 0. Let m(c) = 2 - g + 1 - 2*c. Determine m(-2).
2
Let b(j) = j - 18*j**2 - 4 + 4*j + j**3 - 26*j**2 - 3*j + 43*j**2. Give b(2).
4
Let g = 35 - 33. Let q(h) = 3*h - h - 12*h**2 + 13*h**g. Let l = 1 + 1. What is q(l)?
8
Let l(b) = 19*b**3 + 3*b**2 + b**2 + 3*b - 6*b**2 - 21*b**3 + 2. Let p = 5 + -2. Suppose p*v + 9 = 3. What is l(v)?
4
Let z(t) = 11*t - 2. Let u(b) = 2*b**2 + 25*b - 12. Let n be u(-13). Determine z(n).
9
Let w(x) = -13*x**3 + 41*x**2 - 27*x - 18. Let a(n) = 3*n**3 - 10*n**2 + 7*n + 5. Let g(q) = -9*a(q) - 2*w(q). Calculate g(7).
-23
Let o(t) = -12. Let y(f) = -2*f + 10. Let g(s) = -2*o(s) - 3*y(s). Give g(0).
-6
Let b = 22 + -22. Suppose -5*l + b*v + 3*v = -2, -4*v + 7 = 3*l. Let s(t) be the third derivative of -2*t**5/15 - t**4/24 - 2*t**2. Determine s(l).
-9
Suppose 3*a + 5*b = b + 48, 0 = 5*a - 4*b - 48. Let h(k) = k - a + 2*k - 3*k + k. Calculate h(0).
-12
Let x(q) = 26*q**2 + 3*q - 1. Let z(s) = 14*s**2 - 1. Let u(p) = -x(p) + 2*z(p). Determine u(-3).
26
Suppose -2*j - g - 2 = g, -4*g = -5*j - 5. Let f(d) = -16*d**2 + 2*d + 21. Let h(b) = -11*b**2 + b + 13. Let z(k) = 5*f(k) - 8*h(k). What is z(j)?
7
Suppose 2*l - 6 = -3*g, 5*g = 6*l - 2*l - 56. Suppose 2*h - 28 = 3*p, 2*p = 3*p + 3*h - l. Let a(o) = -o**3 - 7*o**2 - 7*o + 6. Calculate a(p).
12
Let i be 260/16 + (-3)/(-4). Let h = i - 15. Let p(v) = 5 + 3*v - 4*v + 0*v - h. Calculate p(3).
0
Let o(w) = -w**3 + 5*w**2 + 5*w + 10. Let p be o(-5). Let v(l) = -116*l**3 + p*l**3 - 8*l - 120*l**3 - 5 - 8*l**2. Let z = 8 - 15. Determine v(z).
2
Let y(q) be the third derivative of q**4/12 - 2*q**3/3 - 5*q**2 + 5. Suppose 3*u + 2 = 2*t + 13, 0 = -5*u + 5*t + 15. What is y(u)?
6
Let v(h) = h. Let n(i) = i. Let a(b) = -4*n(b) + 3*v(b). Let r(q) = -q**2 + 2 - 2*q + 7*q + 4*q**3 - 3*q. Let k be r(-1). Determine a(k).
5
Suppose 3*o = -15 - 0. Let w(f) = -2 - f**3 - 788*f**2 - 5 - 787*f**2 + 1570*f**2 - 4*f. Determine w(o).
13
Let r(q) = -q**2 - 3*q + 5. Let i = -32 + 49. Let g = 23 - i. Suppose -9*f = -8*f + g. What is r(f)?
-13
Let c(m) = -4*m - 4. Let v(f) = f**2 - 13*f + 9. Suppose 0 = 2*g + 5*a - 4*a - 26, 34 = 3*g - a. Let i be v(g). Calculate c(i).
8
Let m = 48 - 34. Let h = m - 14. Suppose h = -4*b - 8, -4*q + 3*b + 1 - 7 = 0. Let a(g) = -g - 2. Calculate a(q).
1
Suppose 0 = x - 44 + 43. Let p(j) = -14*j + x + 18*j + 4. What is p(-4)?
-11
Let o(c) = 1 + 0 - 1 - 10 - c. Calculate o(-5).
-5
Let m(l) = 7*l - 17. Let g(u) = -20*u + 48. Let n(i) = 6*g(i) + 17*m(i). Give n(3).
-4
Let v(h) = h**2 + 8*h + 8. Let w be ((-90)/360)/(1/20). Determine v(w).
-7
Let p(g) = g**2 + g - 1. Suppose 0 = k + 2*k. Suppose -z - 3 - 1 = k. Give p(z).
11
Let y(b) be the first derivative of b**3/3 + 9*b**2/2 + 15*b - 320. What is y(-5)?
-5
Suppose -42*i = -73*i + 589. Let n(x) = -x**2 + 20*x - 15. What is n(i)?
4
Let l(c) = -c**2 + 2*c + 15. Let j = -452 + 449. Calculate l(j).
0
Let l(u) = -u - 16. Let h(d) = -14*d + 4. Let b be h(7). Let v = 94 + b. Calculate l(v).
-16
Let b(n) = n**3 - 4*n**2 + 3*n - 3. Let d(x) = -8*x + 2. Let f be d(-1). Let o = 10 - f. Suppose -q - 5*t - 8 = -2*q, o = -5*q + t + 16. What is b(q)?
-3
Let a(k) = -k + 11. Let v be a(10). Let z(q) = 5*q**3 - 6*q**2 + 3*q - 3. Let p(j) = -2*j**3 + j**2 - j + 1. Let y(d) = v*z(d) + 3*p(d). Calculate y(-2).
-4
Let q(a) be the third derivative of a**6/120 + 7*a**5/60 - a**4/24 + a**3 - 64*a**2. Calculate q(-7).
13
Let l(g) = -48*g - 48. Let y(i) = -i - 1. Let b(d) = -l(d) + 40*y(d). Calculate b(-4).
-24
Let a(d) be the third derivative of d**6/240 + d**5/30 + 25*d**4/24 + 6*d**2. Let w(h) be the second derivative of a(h). What is w(3)?
13
Let u(v) = 5*v + 3. Let c(j) = j**2 + 5*j - 9. Let g be c(-5). Let y(q) = q**2 + 8*q - 11. Let a be y(g). Calculate u(a).
-7
Let x(t) = 579*t + 5*t**2 + t**2 - 576*t + t**3 - 6. Let a(v) = -3*v + 4. Let w be a(3). Give x(w).
4
Suppose -2*h = -6*h + 4. Let q(d) = -15*d. Give q(h).
-15
Let v be -10 - -7 - 1*-5. Let w(k) = -v*k - 3*k - 1 + 6*k. Calculate w(6).
5
Let k(j) = -8*j**3 - j**2 + 16*j**3 - 6*j**3 + j - 3*j**3. Let r = -2 - -4. Suppose r*c = c. Calculate k(c).
0
Let n(h) = -h + 9. Let b(t) = t. Let g(x) = -2*b(x) + n(x). Let s be g(3). Let a(f) = f**2 - f - 5. What is a(s)?
-5
Let y(c) = c**3 + 3*c**2 + 10*c. Let q(x) = 2*x**3 + 3*x**2 + 11*x + 2. Let p(m) = -2*q(m) + 3*y(m). Determine p(6).
-64
Let s(l) = l**2 + 5*l + 2. Let i = 24 + -17. Suppose 33*t = 45*t - 132. Let p = i - t. Give s(p).
-2
Suppose 3*q = 5*d + 39, -d - 9 = -2*q - 4. Let p(a) = a**3 + 8*a**2 - 10*a - 7. Give p(d).
2
Let v(r) be the first derivative of r**2/2 + r - 1. Suppose 5*i - 4*p = -51, 0*p - 41 = 3*i - 5*p. Let d be (-2)/i + (-400)/(-70). Calculate v(d).
7
Let u(c) = -4*c. Let h = -399 - -395. What is u(h)?
16
Suppose -10 - 2 = 4*a. Let j(s) be the second derivative of s**5/20 + s**4/6 - s**3/2 + 2*s**2 + 3*s + 52. Give j(a).
4
Let v(l) = 34*l - 7*l - 12*l - 12 - 11*l. Let x(b) = -2*b + 6. Let h(u) = 2*v(u) + 5*x(u). Calculate h(4).
-2
Let i be (-10)/15*30/(-4). Suppose i*g - 16 = 9. Let v(o) = g*o + o - 5*o + 11. Give v(-6).
5
Let c(b) = 13 - 11 + 28*b - 13*b - 13*b. Give c(3).
8
Let f(k) = -k**3 + 9*k**2 + 3*k + 6. Let o be (-624)/520*15/(-2). Determine f(o).
33
Let v(k) = -9*k + 12. Let n(p) = -17*p + 23. Let t(u) = 6*n(u) - 11*v(u). Let s be ((-6)/(-9))/(1/18). Suppose -3*j - s = 0, r = -4*j - 15 + 3. Give t(r).
-6
Let a(n) = 14*n - 1. Let v(p) be the second derivative of -p**5/20 - 5*p**4/6 - 5*p**3/3 - 5*p**2 - 4*p. Let m be v(-9). Give a(m).
-15
Suppose 167 = 8*s + 455. Let j = 43 + s. Let n(i) = -4*i**2 + 24*i + 4. Let d(w) = -w**2 + 6*w + 1. Let y(o) = -9*d(o) + 2*n(o). Calculate y(j).
6
Let w(y) = y**3 - 7*y**2 - 6*y + 1. Let l(v) = -v**2 + 1. Let o(b) = l(b) - w(b). Determine o(5).
55
Suppose -4*d = d - 35. Let m(n) = -5*n**2 + 7*n + 2. Let o(w) = -6*w**2 + 7*w + 4. Let i(b) = -5*m(b) + 4*o(b). Give i(d).
6
Suppose 47 - 75 = 7*x. Let a(q) = -q**3 - 4*q**2 + q + 6. What is a(x)?
2
Let q be (-100)/(-7) + 18/(-63). Let y(r) = -r**2 + 15*r - 2. What is y(q)?
12
Let l(u) be the third derivative of u**6/120 - 7*u**5/60 + 13*u**4/24 - 2*u**3 + 11*u**2. Let n be l(5). Let o(a) = a**3 - 2*a**2 + a - 4. Calculate o(n).
8
Suppose 4*u = 2*u + w - 4, -2*u = 5*w + 4. Let a(m) = 4*m**3 + 3*m**2 + 4*m + 2. What is a(u)?
-26
Let s(y) = -y**3 + 2*y**2 + 29*y - 88. Let w be s(4). Let a(u) = u**3 + 4*u**2 - 3*u - 10. Calculate a(w).
2
Let m(v) = 2*v + 10. Let l be m(-4). Let x(g) = -1 - 2*g**2 - l - 2*g + 2*g + 8*g. Let k(a) = a**2 + 8*a + 5. Let w be k(-8). Calculate x(w).
-13
Let d(g) = -g + 1. Let a(o) = o - 1. Let t(b) = 4*a(b) + 3*d(b). Suppose 4*y + 8*n - 5*n = -23, 5*y = -2*n - 34. Determine t(y).
-9
Suppose 0 = 3*p - 12. Let a(h) = -5 - 9*h**2 + 6*h**2 + 2*h**2 + p*h. Determine a(4).
-5
Let y(j) = -35*j**3 + 29*j**2 + j - 3. Let i(m) = 13*m**3 - 10*m**2 + 1. Let c(f) = -8*i(f) - 3*y(f). Determine c(7).
-20
Suppose 9 - 11 = -j. Let c(p) = j - 34*p - 3 - 41*p + 62*p. Calculate c(1).
-14
Suppose -4 = -2*w - 2*w. Let j(b) be the first derivative of b**2 - b + 15 - 5/3*b**3. Give j(w).
-4
Let f(h) = -9 + 5 + 4 + 7*h + 3. Suppose -2*o + 2*n = 12, -5*o + 4*n = -10*o + 6. Give f(o).
-11
Let w = -281 - -283. Let i(o) = 2*o - 2. Give i(w).
2
Let o(z) = 1093*z - 1095*z + z**2 + 0*z**2. Calculate o(4).
8
Let w = 926 + -921. Let i(j) = -9*j**2 + 7*j - 5. Let y(g) = -4*g**2 + 4*g - 3. Let a(c) = -3*i(c